54. What are the prime factors of x(25)?
2, 3, 17, 31
Suppose -766 = -9*j - 649. Suppose -17*i + j*i = -4540. List the prime factors of i.
5, 227
Suppose -5 = -4*m + 7. Suppose -2*j - 179 = -m*q + 2*j, 4*q + 5*j = 280. Suppose 3*c - 4*c = 0, 0 = o + 5*c - q. What are the prime factors of o?
5, 13
Suppose 7*x - 10*x = 4*x - 89096. List the prime factors of x.
2, 37, 43
Let t(c) = -3*c**2 + 59*c + 34. Let d be t(20). Suppose 4*a - 164 = 5*k, 5*a - k - d = 191. What are the prime factors of a?
41
Let u(s) = 220*s - 179. List the prime factors of u(26).
3, 1847
Let x = -412 - -401. Suppose 25 = 5*f, -30 = -i - f + 36. Let s = x + i. List the prime factors of s.
2, 5
Suppose 46*r - 77455 - 305149 = 49290. List the prime factors of r.
41, 229
Let j = 267 + 218. Let u = 266 + j. What are the prime factors of u?
751
Let k be (30/(-9))/(4/6). Let q = 415 + k. List the prime factors of q.
2, 5, 41
List the prime factors of (130 - 126) + (-80)/3*(3 + -195).
2, 3, 7, 61
Suppose 2*b - l - 734 = 0, -5*b - 3*l + 0*l = -1824. Suppose 2*v - 953 = 3*a, -2*v + b = 2*a - 602. List the prime factors of v.
13, 37
Let n be (-8)/20 + (-32)/(-5). Suppose -n = -y - 25. Let x(c) = c**3 + 19*c**2 - 4*c - 37. What are the prime factors of x(y)?
3, 13
Let n be 1824/1026 - ((-2)/9 - 0). Suppose n*t = 6*t - 2164. What are the prime factors of t?
541
Let a(n) = n**3 - 13*n**2 - 18*n - 6. Let y be a(16). Suppose y = 2*h + 5*q, 207 + 504 = 3*h + 5*q. Suppose -h - 126 = -3*t. What are the prime factors of t?
11
Suppose 0 = -3*z - 4*l + 472, -6*l = -3*z - l + 517. Let w = z - 63. List the prime factors of w.
101
Let g be ((-11)/(-33))/(1/(-6)) + 816. Suppose 0 = -4*s + 3*c - 4*c + g, 0 = -2*c - 4. What are the prime factors of s?
2, 3, 17
Suppose 0 = -199*n + 243*n - 557612. List the prime factors of n.
19, 23, 29
Let t = 1929 - 393. Let y = t - 492. What are the prime factors of y?
2, 3, 29
Let f(k) = -94*k - 50. Let n be f(-5). Suppose 5*w - 519 = -c, 0 = -4*w + 2*c - 4*c + n. What are the prime factors of w?
103
Suppose 0 = 12*p + 2875 - 13099. List the prime factors of p.
2, 3, 71
Suppose -254103 = -10*p - 24362 + 5449. What are the prime factors of p?
29, 811
Let t = -23913 + 26288. List the prime factors of t.
5, 19
Suppose 0 = 3*k, 39*k - 38*k + 10143 = i. What are the prime factors of i?
3, 7, 23
Let m(r) = -r**3 - 18*r**2 - 2*r - 34. Let t be m(-18). Suppose t*g = -221 + 89. What are the prime factors of 10*(-10)/(-25) - g?
2, 5, 7
Let y(i) = i**3 + 29*i**2 - 38*i + 6. Let k be y(-25). Suppose -37*b + k = -25*b. What are the prime factors of b?
2, 3
Suppose 0 = -621*q + 206*q + 85075. What are the prime factors of q?
5, 41
Let m(v) = -v**2 + 6*v - 5. Suppose -14 - 46 = -5*y. Let b be m(y). Let d = -43 - b. List the prime factors of d.
2, 17
Let a be (-1 - -6) + 1/((-1)/5). Suppose -4*s + 4*c = -3*s - 4, 1 = 5*s - c. Suppose a = 7*b - s*b - 840. List the prime factors of b.
2, 3, 5
Let j = 136 - 133. Suppose -3*v + 5*v = 5*y - 1204, -2*y + j*v = -486. List the prime factors of y.
2, 3, 5
Let i = 58964 + -18834. What are the prime factors of i?
2, 5, 4013
Suppose -2*n = -5*i + 81, -50*i + 45*i - n + 87 = 0. Let r(c) = 20*c**2 - 1. Let d be r(-1). Suppose -20 = -d*w + i*w. List the prime factors of w.
2, 5
Let w(y) = 229*y**2 - 255*y - 5. List the prime factors of w(11).
7, 3557
Suppose 3495 = -11*k - 4*k. Let v = k + 1403. What are the prime factors of v?
2, 3, 5, 13
Let c = 57651 + -6539. What are the prime factors of c?
2, 6389
Let j(r) = 401*r**2 - 4*r + 34. List the prime factors of j(3).
3631
Suppose -h - 96 = 3*u, -4*h - u = 4*u + 363. Let l = -36 - h. List the prime factors of l - (-5)/20*-4.
2, 5
Let t(n) = n + 9. Let g be t(-4). Suppose -23*j = 106 - 4361. Suppose 2*p - 567 = -3*u + g*p, -j = -u + 3*p. What are the prime factors of u?
191
Suppose -2*c = c - 141. Let n = c + -42. Suppose 2*o - 5*j = 137, 296 = n*o - 3*j - 37. What are the prime factors of o?
2, 3, 11
Let q(r) = -117 + 50*r**2 - 9*r**2 - 22*r**2 - 21*r. What are the prime factors of q(-9)?
3, 179
Let g = -931 - -1452. List the prime factors of g.
521
Suppose -1510806 - 1072926 = -5*m - 134*m. What are the prime factors of m?
2, 3, 1549
Suppose -4 = -3*f - 2*d, -f - 4*f + 40 = -5*d. Suppose 6*r - 9*r = -2*a - 616, f*r + a = 814. List the prime factors of r.
2, 3, 17
Let g(k) = -k**3 + 9*k**2 - 2*k - 1. Let v be g(4). Let m = v + -69. Suppose m*c + 2 - 26 = 0. List the prime factors of c.
2, 3
Suppose 12*p - 9*p + 135 = 2*a, 0 = 5*p - a + 232. What are the prime factors of (-6 - -5 - 6)*p?
7, 47
What are the prime factors of 429/(((-2)/(-26))/(95/285))?
11, 13
List the prime factors of (-14)/4*((-40636)/14 - 40/(-70)).
7, 1451
Let h(j) = 455*j - 8016. List the prime factors of h(56).
2, 37, 59
Let w = -8 - -13. Let z be ((-15)/(-25)*w)/(1/87). Suppose 3*b + 5*f - f - 296 = 0, 3*f = 3*b - z. What are the prime factors of b?
2, 23
List the prime factors of ((-304216)/(-528))/(4/72).
3, 3457
Let f be 3 + 83 + 3 + -1. Suppose 6*w + 34 = f. Suppose o - w*o + 1136 = 0. List the prime factors of o.
2, 71
Let o = -27 + 32. Suppose 0 = -21*t + o*t. Suppose b + 448 + 374 = 5*y, -y + 2*b + 159 = t. What are the prime factors of y?
3, 5, 11
Let x(u) = -11*u - 5*u**3 - 11 + 5*u**2 + 10*u + 11*u. What are the prime factors of x(-5)?
13, 53
Let k(o) = -31*o + 8. Let t(d) = 32*d - 8. Let n(j) = -5*k(j) - 4*t(j). Let g be n(8). Suppose 0 = -9*l - g + 1108. What are the prime factors of l?
2, 5
Suppose 0 = -2*l + 301*q - 299*q + 18512, -3*q = 3. What are the prime factors of l?
3, 5, 617
Suppose 5*k + 5*h = -40, 0*k - 8 = 3*k - 5*h. List the prime factors of (-10065)/k*28/35.
2, 11, 61
Suppose 11*j = -612 - 675. What are the prime factors of (-11266)/(-9) + (-26)/j?
2, 313
Suppose -m + 10011 = -c - 2096, 0 = c - 4. List the prime factors of m.
3, 11, 367
Let j = 14782 - -55748. List the prime factors of j.
2, 3, 5, 2351
Let w(n) = n**3 + 38*n**2 - 2*n - 33. Let c(m) = m**2 + m. Let g(z) = -c(z) + w(z). List the prime factors of g(-37).
2, 3, 13
Let z(f) = -7 - 10*f + 86*f**3 - 107*f**3 + 1 + 1. List the prime factors of z(-3).
2, 37
Suppose -37*h + 62 = -86. Suppose -h*y = -5*c - 3781, 19*c - 20*c = 4*y - 3775. What are the prime factors of y?
2, 59
Let m(k) = 16*k + 37. Let o be m(11). Let r be 3*-2*(-36)/(-27). What are the prime factors of 12/r - o/(-6)?
2, 17
Let a(y) = 365*y - 400. What are the prime factors of a(16)?
2, 5, 17
Suppose 5*j + 102*m - 100*m - 115620 = 0, -3*j + m = -69361. What are the prime factors of j?
2, 11, 1051
Suppose 36*b - 34*b - 40 = 0. Suppose 0 = j - 3*t - 8, -5*j - b = 5*t - 0. What are the prime factors of 4*j/(-12)*6?
2
List the prime factors of (-63201)/(-8) + (-1)/(-18) + 2327/(-12888).
2, 5, 79
Suppose 0 = -a + 54 + 2. Let s = -9 - a. Let q = -44 - s. List the prime factors of q.
3, 7
Let z be -3*((-139)/(-12) - (-19)/(-76)). Let m(u) = 3*u**2 + 87*u + 144. What are the prime factors of m(z)?
2, 3, 109
Let a(c) = -2*c**2 + 11*c + 21. Let z be a(7). Let f be (-3 - z)*(8 + 408). List the prime factors of f/(-10) + (-3)/(-15).
5
Let v(y) = 1490*y**2 - 114*y + 332. What are the prime factors of v(3)?
2, 5, 67
Suppose 5*b - 6 + 36 = 0. List the prime factors of (-6 + 2274/18)/((-1)/b).
2, 19
Let u(p) = -340*p - 100. Let a(x) = -31*x - 9. Let m be 50/20*3*-6. Let y(g) = m*a(g) + 4*u(g). What are the prime factors of y(5)?
2, 3, 5
Suppose -15*k + 19238 = -9412. What are the prime factors of k?
2, 5, 191
Suppose 129*u - 124*u - 4*w - 63247 = 0, -12661 = -u - 5*w. List the prime factors of u.
3, 4217
Let w be 4394/8 - 21/84. Suppose 2*i = -457 + w. List the prime factors of i.
2, 23
Let c(u) = -425*u - 2670. What are the prime factors of c(-10)?
2, 5, 79
Let p be -4 + (0 - -5) + 4. Suppose -3*r + 710 = 4*y, -2*r - r + p*y + 719 = 0. List the prime factors of r.
2, 7, 17
Let l(q) = 2950*q + 3639. What are the prime factors of l(7)?
107, 227
Let j = -110883 - -185589. List the prime factors of j.
2, 3, 12451
Let n(q) = 986*q**3 + 7*q**2 - 9*q. Let p be n(1). Let z = p + -795. What are the prime factors of z?
3, 7
Let q = 1105 + -662. Let c = q + -269. List the prime factors of c.
2, 3, 29
Let v be (-2)/5 + 0 - 2/(-5). Suppose v = 178*y - 182*y + 2220. List the prime factors of y.
3, 5, 37